at is the units digit of t(2)?
9
Let y be 5/15 + 32/3. Suppose 0 = -4*n + y*n - 35. Suppose n*q - 40 = 5*k - 635, 2*q = -k + 116. What is the hundreds digit of k?
1
Suppose -z - b + 1063 = -735, -8 = b. What is the thousands digit of z?
1
What is the hundreds digit of (5 + 3257)/((-12)/(-18))?
8
Let q be (-1344)/(-320)*20/6. Let k = q - -65. What is the units digit of k?
9
Suppose 5*a + 10 = 5*p, 2*a + 13 = -0*p + 5*p. Suppose -c + 275 = -5*j, p*c - 5*j = -0*c + 875. What is the tens digit of c?
0
Let h(w) = -2*w**3 + 11*w**2 + 16*w + 27. Let j(i) = -3*i**3 + 16*i**2 + 23*i + 40. Let k(x) = -7*h(x) + 5*j(x). What is the tens digit of k(-6)?
1
Suppose -6 = 16*z - 17*z. Let q be (-78)/((-25)/10*z/20). Suppose t - q = -3*t. What is the tens digit of t?
2
Suppose 5*p - 31908 = 14197. What is the units digit of p?
1
Let w = -192 + 200. Suppose 5*u - 575 = -4*a, u = -w*a + 7*a + 115. What is the units digit of u?
5
Let z(s) = -s**2 + 30 + 25 - 8 + 6*s - 10. What is the units digit of z(7)?
0
Let u(f) = 228*f**2 + 3*f + 58. What is the hundreds digit of u(7)?
2
Let a(r) be the second derivative of -r**5/20 + 5*r**4/6 - r**3/2 + 10*r**2 - r - 2. What is the tens digit of a(-5)?
1
Suppose 2*j = d + 33150, -49718 = 18*j - 21*j + 5*d. What is the thousands digit of j?
6
Suppose 74*r + 209286 = 45*r + 50*r. What is the hundreds digit of r?
9
Suppose 17*j - 35 = 186. Suppose 3336 + 3151 = j*v. What is the hundreds digit of v?
4
Suppose -2*n + 0*g + 42 = g, 0 = -n - 2*g + 18. Suppose 4745 = n*d - 3857. What is the units digit of d?
1
Let j(h) = 298*h**2 + 2*h + 62. Let o be j(-6). Suppose 8*s + 9*s - o = 0. What is the tens digit of s?
3
Let z = 133 - 187. What is the hundreds digit of (-9)/z - (-9262)/12?
7
Let b be (-1)/(20/(-15) + (-13)/(-12)). Suppose -d - b + 3 = 0. Let j(k) = 59*k**2 - k - 1. What is the tens digit of j(d)?
5
Let b(m) be the second derivative of 249*m**5/20 - 5*m**3/6 + 5*m**2/2 + 79*m. What is the hundreds digit of b(1)?
2
Suppose -l - 47 = -49. Suppose -l*h = -3*n - 515, -3*n = -5*h - 2*n + 1294. What is the units digit of h?
9
Let g be 87*9 - (58 - 61). Suppose 5*p - 2559 = g. What is the units digit of p?
9
Suppose 3*n + 6 = 0, 3*g - 375*n - 1573 = -376*n. What is the hundreds digit of g?
5
Suppose 0 = 139*y - 466834 - 1438022. What is the units digit of y?
4
What is the thousands digit of ((-16)/8 + 1)/((-9)/62037)?
6
Let c(t) = 31*t**3 - 13*t**2 - 6*t - 66. What is the units digit of c(10)?
4
Let x(f) = -16*f**2 - 25 + 2*f**3 + 53*f - 79*f + 25*f. What is the tens digit of x(11)?
9
Let z(i) = 5*i + 9*i**2 - 5*i**2 - 4 + 21*i**2 - 4*i**2. Let d be z(-3). Suppose 4*c = 5*n + 275, -2*c = n + 15 - d. What is the tens digit of c?
7
Let i = -8303 + 14588. What is the units digit of i?
5
Suppose -30*f + 11*f = -15656. What is the hundreds digit of f?
8
Suppose -10*s + 11*s = 6, 4*s - 754 = -x. What is the units digit of x?
0
Suppose -30*n = -32*n - 968. What is the tens digit of n/(-4 - (-4 - -2))?
4
Suppose -4*o = -3*u - 125199, u + 35327 = o + 4026. What is the thousands digit of o?
1
Suppose 19*j + 11*j = -7560. Let o = j + 724. What is the hundreds digit of o?
4
Suppose -a = -0*a - 3*a. Let q be (141 - -2)*(1 + a). Let v = -74 + q. What is the tens digit of v?
6
Suppose -4*k - 8 = -36. Let l(m) = m**3 - 7*m**2 + 10*m + 4. Let p(v) = v**2 - v + 3. Let r(f) = l(f) + p(f). What is the tens digit of r(k)?
1
Suppose 2*d - 4 = 2*v, 16 = -2*v - 3*v + 2*d. What is the tens digit of 286/4 - v/(-8)?
7
Suppose -2*g = -4*d - 7*g - 28, 5*g - 56 = 3*d. What is the hundreds digit of 6618/15 - d/(-60)?
4
Let h = -26 + 28. Suppose -2*y - 50 = 2*j, -h*y + 15 = -3*y + 4*j. What is the units digit of -1*(-6)/(-3) - y?
1
What is the units digit of (-3 - (3 - (-138)/(-9)))/((-6)/(-6705))?
0
Suppose 0*n - 4*n + 4*g = 1308, -g = -5*n - 1619. Let d = 1047 + n. Suppose -4*i + d = 188. What is the tens digit of i?
3
Suppose 0 = 85*f - 6881 - 8249. What is the units digit of f?
8
Let k(z) be the first derivative of z**3/3 + 25*z**2/2 - 112*z - 208. What is the units digit of k(5)?
8
Suppose -6*u = -7 + 13. What is the tens digit of (244 - -1)/(2 + u)?
4
Let o(n) = -3*n + 29. Suppose 5*l + 10 = 25. Let w(g) = -4*g + 29. Let u(i) = l*o(i) - 4*w(i). What is the units digit of u(13)?
2
Let w(l) = -l**3 + 6*l**2 + 8*l + 5. Let i be w(7). Let d be ((-88)/1 + 3 + -2)*-5. Suppose d = 15*a - i*a. What is the units digit of a?
5
Suppose 54*b - 35*b = -57. What is the units digit of 21*-203*1/b?
1
Suppose 3010*f - 68999 = 3003*f. What is the thousands digit of f?
9
Suppose -41*y = -55*y - 672. Suppose 162 = -3*v + 2*h + 508, 2*v + 2*h - 224 = 0. Let t = y + v. What is the tens digit of t?
6
Suppose 204 = 8*j - 4852. Suppose -3*h - 4*s + s + 948 = 0, 3*s - j = -2*h. What is the units digit of h?
6
Suppose -2*r - 160 = -4*l, -l + r + 46 = 2*r. Suppose 0 = l*c - 43*c + 95. What is the units digit of c?
5
Let k(y) = -3*y**2 - 27 + y + 0*y**2 + 4*y**2 + 8*y. Suppose 6 = -9*g + 7*g - 4*i, -3*g + 2*i - 49 = 0. What is the tens digit of k(g)?
2
Suppose -5*b - 290 = -4*f, -5*b + 53 = f - 7. Suppose -7*z + f = -63. Let u(v) = -v + 41. What is the tens digit of u(z)?
2
Suppose 4*d = -2*i - 12, i + i = 4*d + 28. Suppose -2*b = i*b. Suppose 9*t - 142 + 43 = b. What is the tens digit of t?
1
Let i(a) = a + 17. Let u be i(-10). Let j(z) = 3*z**2 + 6*z - 4. What is the units digit of j(u)?
5
Let k = 18084 + -26244. What is the hundreds digit of (k/(-9) - -3) + 6/(-9)?
9
Let x(f) = -438*f - 79. Let g be x(-8). Suppose 8*b - g = 1399. What is the units digit of b?
3
Let p = 79 + -70. Let l be p/(-3) - 1 - -426. Suppose 2*i = -3*v + 477, -5*v - 3*i + 374 = -l. What is the units digit of v?
1
Let p = 129 + 4347. What is the hundreds digit of p?
4
Let d be (-952)/35 - (-1 + (-27)/(-15)). Let u(i) = -33*i - 80. What is the units digit of u(d)?
4
Suppose 4*m + 2*k = 14912, -114*m = -121*m + 5*k + 26079. What is the tens digit of m?
2
Suppose -3*n = 4*w - 70696, -w - 61276 = -3*n + 9430. What is the tens digit of n?
6
Let a(q) = 0*q - q + 52 - 10 + 4*q. Let r be a(-13). Suppose 3*b + r*w + w = -1, -3*w = 2*b + 1. What is the units digit of b?
1
Suppose 0 = 11*r - 10135 + 2523. Suppose -r = u - 5*u. What is the units digit of u?
3
Let g be (-15)/((4 - -3)/(-7)). Let b = g - -515. What is the units digit of b?
0
Let r = -23 + 23. Let w be 346/7 + (51/(-21) - -2). Suppose r*d - d = -w. What is the tens digit of d?
4
Let d = 39 + -34. Suppose -7 = -d*a - p, -2*a - 3*p - 8 = -3. What is the units digit of (a - 3)/(1*(-4)/164)?
1
Suppose 1578*c = 1580*c - 5*f - 82649, -3*f = 4*c - 165363. What is the hundreds digit of c?
3
Let x = -20371 + 25521. What is the hundreds digit of x?
1
Let w be 21/((-882)/70) + 9218/3. Let o = 4351 - w. What is the thousands digit of o?
1
Let y(k) = 4*k**2 - 3*k + 35. Let h be y(-7). Let q(b) = b**3 - 3*b**2 - 4*b + 7. Let w be q(-5). Let o = h + w. What is the units digit of o?
9
Let i = -126 + 127. What is the tens digit of (357 + -1)*((-3)/4 + i)?
8
Let m = -25 - -34. What is the hundreds digit of 329 + m + 9 - 1*-1?
3
Let o(s) be the first derivative of s**4/4 - 7*s**3/3 - 5*s**2/2 - 7*s - 1. Let w = 691 - 683. What is the tens digit of o(w)?
1
Suppose 4*p - 2*p - 322 = 0. Suppose 0 = 5*r + 1376 - p. Let u = -173 - r. What is the units digit of u?
0
Let y = 1244 - -4152. What is the tens digit of y?
9
What is the units digit of 27610 + (120/(-5))/8?
7
Let r = -2159 - -2747. What is the tens digit of r?
8
Let f be (-1 + 2)/((-5)/(-10)). Let p be ((-3)/f)/((-4)/(-64) + 0). Let q = p + 34. What is the units digit of q?
0
Let j(s) = -2*s**3 - 36*s**2 - 4*s - 38. What is the hundreds digit of j(-25)?
8
Let k(c) = -17*c - 160. Let r be k(-11). Suppose r*u = 19*u + 3136. What is the hundreds digit of u?
3
Let m = 7219 - -35653. What is the thousands digit of m?
2
Suppose -o - 5541 = -u + 1479, -2*u - 2*o + 14024 = 0. What is the units digit of u?
6
What is the hundreds digit of ((-420)/112 - -6)*(-1 + 93598/6)?
0
Let l(a) = a**2 + 5*a + 11. Let v be l(-4). Let c be (7 + -3 - 3)*v. Suppose -3*x = -c*x + 288. What is the tens digit of x?
7
Let f(r) = -4*r**3 - 2*r**3 + 14*r**3 + 26*r**2 - 10*r + 0*r**3 + 22 - 9*r**3. What is the tens digit of f(24)?
3
Let h = 17603 - 180